5*a + 20*a. What is the highest common divisor of 1440 and j?
36
Suppose 8*b + 21417 = 41*b. Let s be b + ((-36)/4 - -16). Calculate the greatest common factor of 41 and s.
41
Let i = 248 - 89. Suppose 0 = -5*f + 3*t + 275, 4*t = 3*f + t - i. Calculate the greatest common divisor of 87 and f.
29
Suppose 3*q - 5*q + 968 = 0. Let j = 497 - 453. What is the highest common factor of q and j?
44
Let w = 215 - 206. Suppose 3*h - 104 = -26. Let y = h + 55. What is the highest common divisor of w and y?
9
Let n = 950 + -942. Let t(i) = 22 - i**2 + 6*i - 4 + 0*i. Let v be t(n). Calculate the greatest common factor of 12 and v.
2
Let w = -32 - 53. Let d = w + 125. What is the highest common divisor of d and 24?
8
Let s(x) = -64*x + 59. Let n be s(-10). Let m = 731 - n. Calculate the greatest common divisor of m and 10.
2
Let p(w) = w**2 + 7*w - 3. Let b be p(-8). Suppose -b*z = -2*z - 1122. Suppose -33*n + 680 = -13*n. What is the highest common factor of n and z?
34
Let s(l) = -14*l - 20*l - 5*l. Let w be s(-2). Suppose 120*o + 14 = 121*o + 4*f, 0 = 2*o + f - 49. Calculate the greatest common factor of w and o.
26
Suppose 2*p = -5 + 13. Suppose -r - p*d + 3 = 2, 5*r = -d + 24. Let x(w) = 2*w**2 - 2*w - 2. Let n be x(2). Calculate the highest common factor of r and n.
1
Let k(s) = s**3 - 16*s**2 + 74*s - 18. Let c be k(10). What is the greatest common factor of c and 1769?
61
Let b be (-15 - -9) + (-1 - 31). Let d = b + 92. What is the greatest common divisor of 126 and d?
18
Suppose -8603 = 22*a - 165419. What is the greatest common divisor of a and 81?
81
Suppose 0 = -39*t + 47259 + 390945. Calculate the highest common divisor of t and 4.
4
Suppose 4*k + 4*t - 3284 = 0, 4*k - 3269 = -9*t + 8*t. Let p = k + -426. What is the highest common divisor of 120 and p?
30
Let p = -9859 + 10068. What is the highest common factor of p and 451?
11
Let t be 76 + ((-117)/(-17) - -1) + (-138)/(-1173). What is the greatest common factor of 1368 and t?
12
Let y = 28 - 26. Suppose 0 = 24*u - 63*u + 2886. What is the greatest common divisor of u and y?
2
Let b = -188 + 190. Let s(r) = 2*r + 58. Let c be s(b). What is the greatest common divisor of 31 and c?
31
Suppose 100*p + 937 = 105*p - 4*d, -d - 1510 = -8*p. Calculate the highest common divisor of 147 and p.
21
Let m(q) = q**3 + 18*q**2 - 52*q - 48. Let n(b) = b**2 + 46*b + 68. Let j be n(-44). Let v be m(j). What is the greatest common divisor of v and 3?
3
Let c be 198/24 - (-2)/(-8). Suppose 0 = 4*u + x - c, -u + 2*x + 2 = -0*x. Suppose u = 6*a - 4. Calculate the greatest common divisor of a and 8.
1
Suppose -15*k + 59 + 271 = 0. Let v = -18 + k. Suppose -47 = -v*t + 129. What is the highest common divisor of 220 and t?
44
Let n be (2 + 2 + -2)*962/52. Let c be 2/(-7) - 331/(-7). Let y = -10 + c. What is the greatest common factor of n and y?
37
Let v be 84/(((-9)/6 + 2)*3). Let d = v - -4. Suppose -f + d = 3*f. Calculate the highest common factor of 60 and f.
15
Let i be 3 + (4 + -7 - -2). Suppose 24 = 6*w - i*w. Suppose 2*z = w*z - 40. What is the greatest common factor of z and 90?
10
Suppose 106*v - 58*v = 1584. Let f(k) = 2*k**2 + 5*k - 11. Let h be f(-8). Calculate the highest common factor of h and v.
11
Let q be -4 - (-7 - -2 - -1 - 178). Let x be -1 + (5/10)/(1/q). Calculate the highest common divisor of 24 and x.
8
Let h be (-100)/(-6) + ((-128)/(-24))/(-8). Suppose -h*z + 462 = 6*z. What is the highest common factor of 105 and z?
21
Let b(q) = -532*q + 5350. Let o be b(10). What is the highest common factor of o and 3030?
30
Suppose -12*m + 15*m - 794 = 2*q, 3*m - 791 = -q. Calculate the highest common divisor of 594 and m.
66
Suppose 769 + 191 = 6*i. Suppose -3*g + 12 = 0, -u = 10*g - 8*g - 18. What is the greatest common factor of i and u?
10
Let j(v) = 2*v**3 - 4*v**2 + 4*v - 9. Let s(k) = 2*k**3 - 3*k**2 + k - 3. Let d be s(2). Let q be j(d). What is the greatest common divisor of q and 3?
3
Let t = 1547 - 1171. Calculate the greatest common factor of t and 24.
8
Let g(q) = -2*q**3 - 10*q**2 - 22*q. Let w be g(-2). What is the greatest common divisor of 780 and w?
20
Suppose 2*v = -o - 46 + 158, o - 112 = 3*v. Let h(s) = -250*s + 834. Let t be h(3). Calculate the highest common factor of t and o.
28
Suppose 0 = 157*r - 145*r + 1764. Let u = r + 196. Calculate the highest common factor of 1225 and u.
49
Let t(s) = -134*s - 69. Let o be t(-8). Let r = o + -691. What is the highest common factor of 48 and r?
24
Let j(k) = -45*k. Let p be j(-7). Let s(b) = 24*b**2 - 263*b + 31. Let d be s(11). Calculate the greatest common divisor of d and p.
21
Suppose 785 = 2*h - 5*i, 4*h - 1780 = 2*i - 250. What is the greatest common divisor of 30 and h?
10
Let l(u) = -2*u**2 + 51*u + 306. Let h(c) = c**2 - 25*c - 152. Let a(f) = -7*h(f) - 3*l(f). Let w be a(26). What is the greatest common divisor of 147 and w?
21
Let t be (-12)/(-3)*(-20)/(-8). Suppose -4*i + t = -54. Suppose -75 = -3*c - 3*n, -c - 2*n + 122 = 4*c. Calculate the highest common divisor of i and c.
8
Suppose 380173 = -62*z + 276*z - 47399. What is the greatest common factor of z and 162?
54
Let z(d) = 5*d - 150. Let n be z(35). Suppose -2*q - 3*v - 3 = -13, -5*q + 3*v = -n. What is the greatest common divisor of 20 and q?
5
Let y be (-174)/4*((-1)/(-7) + 8381/(-357)). Calculate the greatest common factor of 140 and y.
35
Let u = 25 + -9. Let v(a) = 2*a + 36. Let p be v(-18). Suppose p = 7*i - 95 - 801. Calculate the highest common divisor of u and i.
16
Let v(a) = a**2 + 20*a + 72. Let r be v(-17). Let q = -191 - -380. Calculate the highest common factor of q and r.
21
Let d = -10006 - -10037. Calculate the greatest common divisor of d and 17.
1
Suppose -h + 10 = -4*m - 22, -4*m - 176 = -4*h. Suppose 0 = 16*u - 324 - 700. Calculate the greatest common divisor of u and h.
16
Let d = -3669 - -3721. Calculate the highest common factor of d and 650.
26
Suppose 17986 = 50*n - 16814. Calculate the greatest common factor of 48 and n.
24
Let w(u) = 3*u + 50. Let m be w(-15). Let x be -2*((m - 3 - 1) + -9). Suppose -152 - x = -7*k. What is the greatest common divisor of 24 and k?
24
Suppose i - 63 = 63. Suppose -78*b + 25 = -73*b. Let j be 6/(30/35)*(b - 3). What is the greatest common factor of i and j?
14
Suppose 0 = 7*k - 43 - 83. Suppose -3*y + k = 3*o, 12 = 4*o - 3*y + 2. What is the greatest common factor of o and 8?
4
Suppose -18*s + 13*s + 2*q = -167378, 0 = -4*s - q + 133879. What is the highest common factor of 64 and s?
64
Suppose -42*h + 25*h + 663 = 0. What is the highest common factor of 4329 and h?
39
Let v be (-1020)/8*((-198)/30 + 5) - -4. Calculate the greatest common divisor of v and 52.
52
Let r(c) = c**3 + 13*c**2 + 5*c - 25. Let v be r(-11). Let d = -117 + v. Calculate the highest common factor of 30 and d.
15
Let u = 4362 - 2416. Calculate the highest common divisor of 28 and u.
14
Suppose 0 = 26*f - 24*f - 78. Let v be ((-52)/(-6))/((-40)/(-420)). Calculate the greatest common divisor of v and f.
13
Suppose 4*x + 4*d - 608 = 0, -5*d + 450 = -16*x + 19*x. Let u = 90 - 59. Calculate the greatest common divisor of x and u.
31
Let o(t) = 596*t**2 + 133*t + 132. Let w be o(-1). What is the greatest common divisor of w and 25?
5
Let j be 2 + (-524)/(-10) + 66/(-165). What is the highest common factor of j and 9018?
54
Suppose -169*o = -139*o - 53460. Calculate the greatest common divisor of 243 and o.
81
Suppose 9*h - 13755 = -11019. Calculate the greatest common factor of h and 133.
19
Suppose b + 3542 = 2*o - 1128, 0 = 5*o - 4*b - 11669. Calculate the highest common factor of o and 369.
123
Let d = 246 - 247. Let m be (7 + -17)*(1 - (-6)/d). What is the highest common divisor of 10 and m?
10
Let s = -662 - -672. What is the highest common factor of s and 9?
1
Let r(h) = h**2 - 12*h + 48. Suppose 16*a + 11*a = 243. Let c be r(a). Calculate the highest common divisor of 3 and c.
3
Suppose -4*a + 3*t + 193 + 22 = 0, -5*t = 25. Let v(o) = 2*o. Let f be v(2). What is the highest common factor of f and a?
2
Suppose -5270 = 12*t - 43*t. Suppose y + 1 = 5. Suppose -y*u - 2*f = -144, -4*f - 141 = -5*u + 13. What is the highest common factor of t and u?
34
Let w = -1 + 1. Let s(h) = 3*h**3 - 9*h**2 + 15*h - 137. Let m be s(5). Suppose 23*n - 